ate the highest common divisor of 26933 and 2790493.
1171
Calculate the greatest common divisor of 22659 and 473100.
249
Calculate the highest common divisor of 237 and 2162874.
3
What is the highest common divisor of 180 and 215401680?
180
Calculate the highest common factor of 78571980 and 900.
180
Calculate the highest common factor of 22 and 83867828.
22
What is the greatest common divisor of 132 and 201190?
22
Calculate the highest common factor of 16416750 and 42.
42
What is the greatest common divisor of 216 and 1632216?
24
Calculate the highest common factor of 18117297 and 495.
99
What is the greatest common divisor of 1944 and 304506?
54
What is the greatest common factor of 826656 and 747024?
3792
What is the greatest common factor of 2300 and 52544650?
1150
What is the greatest common factor of 1244517030 and 3930?
3930
Calculate the greatest common divisor of 1164280 and 340.
20
Calculate the highest common divisor of 261 and 63238792.
29
Calculate the highest common divisor of 11361 and 690231063.
1623
Calculate the greatest common divisor of 169 and 20559201.
13
Calculate the greatest common divisor of 2025 and 10715625.
675
Calculate the highest common divisor of 3630862 and 76.
38
Calculate the highest common factor of 9387181 and 5314.
2657
What is the highest common factor of 48565 and 5555?
55
Calculate the highest common factor of 782 and 882806.
2
Calculate the highest common divisor of 57413550 and 310.
310
What is the highest common divisor of 5632 and 60742?
22
Calculate the greatest common divisor of 103556 and 23092.
4
What is the greatest common factor of 4200012 and 14964?
348
What is the highest common divisor of 14 and 568454?
2
Calculate the highest common divisor of 984648 and 92778.
42
What is the greatest common divisor of 746 and 3435330?
746
Calculate the greatest common divisor of 178364310 and 3450.
690
What is the highest common divisor of 40746967 and 281?
281
What is the highest common factor of 42071960 and 280?
280
What is the highest common factor of 6959668 and 5084?
164
Calculate the highest common divisor of 3272472 and 3926.
302
What is the greatest common factor of 1884132 and 180?
36
Calculate the greatest common factor of 3174 and 1878812799.
1587
Calculate the highest common factor of 588 and 323892.
12
What is the greatest common factor of 57 and 72609507?
57
What is the highest common factor of 423584 and 24?
8
Calculate the greatest common divisor of 2208382 and 185999.
407
Calculate the greatest common factor of 6986 and 1260154.
14
What is the greatest common divisor of 939 and 167640609?
939
What is the greatest common divisor of 1825 and 871175?
25
Calculate the highest common factor of 812 and 1366232.
28
What is the greatest common divisor of 300466 and 96938?
38
Calculate the highest common factor of 38779 and 687660.
157
Calculate the highest common divisor of 7178931 and 2096.
131
What is the highest common divisor of 691076 and 17336?
788
Calculate the greatest common factor of 176592 and 13872.
48
Calculate the greatest common factor of 2115368 and 13769.
281
Calculate the greatest common factor of 10318623 and 2681.
7
Calculate the greatest common divisor of 29891524 and 59.
59
Calculate the greatest common factor of 14032116 and 9996.
84
Calculate the highest common factor of 4990517 and 621278.
1561
What is the highest common divisor of 19296283 and 337?
337
What is the highest common factor of 290676 and 30234?
6
What is the highest common divisor of 1938 and 676770?
102
Calculate the greatest common factor of 5881529 and 2119.
163
What is the greatest common factor of 2601 and 703782?
9
What is the highest common factor of 300566 and 1089662?
98
Calculate the highest common factor of 7581 and 131271.
399
What is the greatest common divisor of 25714836 and 24?
12
What is the highest common divisor of 708855 and 8337?
21
Calculate the highest common divisor of 73450 and 4958850.
650
What is the greatest common divisor of 2982 and 183539118?
2982
What is the greatest common factor of 7078 and 11852?
2
What is the highest common divisor of 6949606 and 6842?
622
Calculate the highest common factor of 1513 and 4799199688.
1513
Calculate the highest common factor of 1960322 and 364.
182
What is the greatest common divisor of 1513653 and 7797?
69
Calculate the highest common divisor of 1267344 and 9984.
624
What is the greatest common divisor of 621064 and 45472?
232
Calculate the highest common divisor of 266 and 35276654.
266
What is the highest common divisor of 49830 and 1310?
10
Calculate the highest common divisor of 151701598 and 194.
194
What is the highest common factor of 32738248 and 24?
8
Calculate the highest common divisor of 235320 and 157398.
222
What is the greatest common divisor of 363100 and 23900?
100
Calculate the highest common factor of 54 and 1094838.
6
Calculate the highest common factor of 1195026 and 1184.
74
Calculate the greatest common divisor of 1203120 and 8.
8
What is the greatest common factor of 27234668 and 10892?
1556
What is the highest common divisor of 171 and 1480974?
57
What is the greatest common divisor of 6947926 and 802621?
1523
Calculate the greatest common divisor of 5492 and 103697198.
2746
Calculate the greatest common divisor of 187 and 14874541.
187
What is the highest common divisor of 836679 and 363979?
4727
What is the greatest common factor of 297680 and 95?
5
What is the highest common factor of 12595 and 745853?
229
What is the greatest common divisor of 142069 and 9089?
61
Calculate the greatest common factor of 393 and 1116302483.
131
Calculate the highest common factor of 32562 and 663702.
402
What is the greatest common divisor of 19604 and 1102556?
676
What is the greatest common factor of 133452 and 14466?
6
What is the highest common divisor of 1915678 and 13678090?
7454
What is the highest common factor of 216 and 1379988?
36
What is the highest common factor of 250297263 and 27?
27
Calculate the highest common divisor of 266386 and 407606.
46
Calculate the highest common factor of 55 and 57520.
5
What is the greatest common divisor of 136 and 124335212?
68
What is the highest common divisor of 850 and 17713150?
850
Calculate the highest common divisor of 265172433 and 24708.
6177
What is the greatest common factor of 1543371 and 282781?
3407
What is the greatest common divisor of 95095 and 1147410?
1045
Calculate the greatest common divisor of 18 and 91489872.
6
What is the highest common divisor of 7676 and 21107081?
1919
What is the highest common divisor of 28516504 and 3197?
23
Calculate the highest common divisor of 1424860 and 272290.
3730
What is the highest common divisor of 5699 and 1357387?
41
Calculate the highest common factor of 504804 and 1116.
372
Calculate the highest common divisor of 1184536 and 32528.
152
Calculate the highest common divisor of 60483832 and 161946.
5998
What is the greatest common divisor of 647698 and 79592528?
10618
Calculate the highest common divisor of 548182 and 13294.
782
What is the highest common factor of 23340 and 235734?
2334
What is the highest common divisor of 47180046 and 5840?
146
What is the greatest common divisor of 535 and 20749547?
107
Calculate the highest common divisor of 272835 and 72670.
215
What is the greatest common divisor of 82151 and 472114?
113
What is the highest common divisor of 2985694 and 261994?
2594
What is the greatest common divisor of 14250157 and 86?
43
Calculate the highest common divisor of 669 and 10150960.
223
What is the highest common factor of 140203735 and 35?
35
Calculate the greatest common divisor of 2156480625 and 78.
39
What is the greatest common divisor of 2244 and 8371?
11
What is the greatest common divisor of 19130371 and 26?
13
What is the greatest common divisor of 315536760 and 14?
14
What is the greatest common factor of 92434770 and 75?
15
Calculate the greatest common factor of 107 and 51072812.
107
Calculate the highest common factor of 8136 and 1155456.
72
Calculate the highest common factor of 44812 and 12484096.
2636
Calculate the greatest common divisor of 1334469 and 1686.
843
Calculate the greatest common divisor of 26889330 and 345.
15
Calculate the greatest common divisor of 210 and 1813920.
30
Ca